of x?
2
Suppose a + 3*z + 3 = -2*a, a = 2*z - 4. Let l(q) = -24*q - 6. List the prime factors of l(a).
2, 3, 7
Suppose 3*u = 5*u - 6. List the prime factors of (4/u)/((-6)/(-18)).
2
Let g(x) = -5*x + 1. Let w be g(3). Let y be 1/5 + (-894)/(-30). Let t = w + y. What are the prime factors of t?
2
Let k be 118/5 - 6/(-15). Let u = k + 4. What are the prime factors of u?
2, 7
Let z(l) = -l**2 - 5*l + 5. Let t be z(-4). Let v(a) = a**2 - 7*a - 13. Let r be v(t). Suppose m + 0 = r. List the prime factors of m.
5
Suppose -14 = -i - 2*k, 6*k = i + 2*k - 14. Let b be (i/(-3))/(2/(-3)). Suppose 0*j - b = -j. List the prime factors of j.
7
Suppose 2*u = -5*y + 339, 11*u - 10*u + 3*y - 169 = 0. List the prime factors of u.
2, 43
Let j be (1 + (-5 - -2))*-5. Suppose p - j = 7. What are the prime factors of p?
17
Let r(z) = z**2 - 7*z - 1. Let y be r(7). Let q = 10 + y. Let t = q + 1. List the prime factors of t.
2, 5
Let l(n) = 12*n**2 + 3*n - 13. What are the prime factors of l(3)?
2, 13
Let y(n) = 5 + 4 - 2 - n. Let r be y(3). Suppose -c = r*f - 14 - 1, -5*f = -15. What are the prime factors of c?
3
Let f(z) = 113*z**3 + 3*z**2 - z. List the prime factors of f(1).
5, 23
Let n(u) = u**3 + 8*u**2 + 3. What are the prime factors of n(-8)?
3
Suppose 3*n - 4*n = -1. Let q = 1 + n. Suppose -10 = -y + q. What are the prime factors of y?
2, 3
Let v = 8 + -2. Suppose 0 = v*r - 3*r - 24. Suppose -3*t + 5*d + 4 = 0, 3*t + 2*d = 3*d + r. What are the prime factors of t?
3
Suppose -12 = -4*k, -6*k = -x - k + 27. Let f = -8 - -24. Suppose -4*h + 3*p - 4 = -f, 3*p = -5*h + x. List the prime factors of h.
2, 3
Let l(a) = 6*a - 50. What are the prime factors of l(17)?
2, 13
Let c(w) = -w + 1. Let f(p) = -4*p + 5. Let q(a) = 2*c(a) - f(a). Let g(n) = -2*n**2 - n + 4. Let x be g(0). What are the prime factors of q(x)?
5
Suppose 0 = 4*y + 73 - 17. Let z = 35 + y. Suppose z - 9 = 2*r. List the prime factors of r.
2, 3
Let t be 4*(1 + 11 - -2). Suppose 2*w = -2*k + t, -2*w + 40 = k - 4*w. List the prime factors of k.
2
Let k = 12 + -8. What are the prime factors of k?
2
List the prime factors of 50 + 1 - (6 + -8).
53
Suppose 653 = 7*n + 128. List the prime factors of n.
3, 5
Suppose 3*x = -0 + 210. Suppose -4*l = x - 226. What are the prime factors of l?
3, 13
Suppose 0 = 4*u - 80 - 32. List the prime factors of u.
2, 7
Let i(p) = 3*p**2 - p. Suppose 0 = -c + 5*m - 3*m - 15, 25 = -2*c + 3*m. Let g = c - -3. What are the prime factors of i(g)?
2, 7
Suppose 3*h = 5*q - 23, -2*q + 0*q + 12 = -4*h. Let i be (28/16)/(h/20). Let j = -20 - i. List the prime factors of j.
3, 5
Let n(o) = -o**3 - o**2 + 2*o. Let v be n(0). Let f(k) = 8*k**2 - 2*k - 1. Let l be f(-1). Suppose t = -v*t + l. What are the prime factors of t?
3
Suppose 9 = 4*c + l, 3 = 4*c + 4*l - l. Suppose 0 = -c*g - 18 + 60. What are the prime factors of g?
2, 7
Suppose -5*j = -t - 3*t + 200, -4*t = -j - 184. List the prime factors of t.
3, 5
Let g(h) = -23*h - 5. List the prime factors of g(-11).
2, 31
Let p(f) = -f**3 - 2*f**2 + 3. Suppose -h + 5 = 2, 0 = -5*n - 5*h. What are the prime factors of p(n)?
2, 3
Let r = 13 - -25. List the prime factors of r.
2, 19
Suppose 0 = -5*l + l - 2*t - 134, 3*l = -4*t - 88. What are the prime factors of 0 - l/(-8)*-6?
3
Suppose 6*q = 503 + 61. List the prime factors of q.
2, 47
Suppose q - 4 = -2. Suppose 0 + 4 = 4*c + 2*m, -5*c + q*m - 4 = 0. Suppose 6 = h - c*h. List the prime factors of h.
2, 3
Let b be 12/(-30) + (-2)/(-5). Suppose -5*k + 3*u + 56 = b, -3*k + 0*u = -5*u - 24. What are the prime factors of k?
13
Let y be ((-8)/10 + 0)*-10. Let b be (-3)/(-12) - (-46)/y. Suppose -d = -b*d + 45. What are the prime factors of d?
3
What are the prime factors of 5 + -1 + (-4 - -131)?
131
Let s be (-4)/(-14) - (-66)/14. Let x = s - 3. Suppose 2*b = 5*b - 5*n - 39, 0 = -3*b + x*n + 30. List the prime factors of b.
2
Let q = -20 - -316. What are the prime factors of q?
2, 37
Let w(i) be the third derivative of i**6/720 + 9*i**5/40 + i**4/24 + 4*i**2. Let y(t) be the second derivative of w(t). What are the prime factors of y(-11)?
2
Suppose -3*o - 14 + 5 = 0. Suppose 7*m = 2*m + 10. What are the prime factors of 2 + m*o/(-6)?
3
Let u(z) = 14*z**2 - 2*z. What are the prime factors of u(-2)?
2, 3, 5
Suppose 4*h = 2 + 6. Let x be h/(-9) - (-34)/(-9). Let o(j) = j**2 + 3*j + 1. List the prime factors of o(x).
5
Suppose 2*o + 67 - 213 = 0. What are the prime factors of o?
73
Let q(u) = u**3 + 10*u**2 - 3*u - 10. Let b be q(-10). Suppose 2*g + 17 = 3*h + 7, -4*h + b = -g. What are the prime factors of h?
2, 3
Suppose 4*a + p - 200 = 0, -3*p = -a - 2*p + 45. List the prime factors of a.
7
Suppose 3*j + 2*j + 270 = 0. Let r = j - -78. List the prime factors of r.
2, 3
Let o = 105 - 75. Let s = -21 + o. List the prime factors of s.
3
Let r(t) = t + 6. Suppose h + 1 = -m + 2*h, 1 = m + h. What are the prime factors of r(m)?
2, 3
Let a(b) = b**2 - 23. List the prime factors of a(5).
2
Let m = 2 - 0. Suppose c - 14 = m. What are the prime factors of c?
2
Let m = 291 + 38. What are the prime factors of m?
7, 47
Let v = -27 + 253. What are the prime factors of v?
2, 113
Suppose 18 = -3*g + 6*g. Suppose 2*n = -2*s - 2, -2*n - 3*s + 1 = 7. Let y = n + g. What are the prime factors of y?
3
List the prime factors of 28/10 - 2/(-10).
3
What are the prime factors of ((-53)/(2 + -3))/1?
53
Let b(f) = -f - 2. Let d be b(-10). Let k = d - -13. What are the prime factors of k?
3, 7
Let t = 0 + 0. Suppose 2*v = -t*v + 56. What are the prime factors of v?
2, 7
Let a(c) = c - 1. Let f = 27 - 16. What are the prime factors of a(f)?
2, 5
Suppose 6 = 2*b + g - 42, 3*b - g = 67. Suppose -5*s = -32 - b. Suppose 2*t + s = 41. List the prime factors of t.
3, 5
Let s be 84 - 0/((-6)/(-2)). Suppose 0 = -y - 2*n + 33, -5*y = 5*n + s - 254. List the prime factors of y.
5, 7
Suppose 0 = 2*a + v - 62 - 39, -a = -v - 43. What are the prime factors of a?
2, 3
Let o be (-4 + 0)/(-4)*2. Let j = -21 + 29. List the prime factors of (2 + (o - 3))*j.
2
Let g be (-1)/(5 + -2 + -2). What are the prime factors of g + (-3 - -7) - -14?
17
Suppose 0 = 2*o + 82 - 266. List the prime factors of o.
2, 23
Let i be 0/(-1 - (-2 - 0)). Let l be i/2 + 10/2. Suppose b + 6*t - 18 = t, 34 = 3*b + l*t. List the prime factors of b.
2
Let r(n) = -n**3 + 13*n**2 - 12*n + 4. Let b be r(12). Let w = 1 + b. What are the prime factors of w?
5
Suppose 4*b - 181 + 13 = 0. What are the prime factors of b?
2, 3, 7
Let w = -357 - -532. List the prime factors of w.
5, 7
Let j(q) = q + 10. Let s be j(-5). Suppose l + 23 = 5*x, -3*x + s*l = -x. Suppose -78 + 33 = -x*o. What are the prime factors of o?
3
Let p(u) = -11*u + 28. List the prime factors of p(-7).
3, 5, 7
Let n(y) = -y**2 + 5*y - 1. Suppose 7*j = 2*j + 30. Let i be n(j). Let o = -2 - i. What are the prime factors of o?
5
Let n be ((-10)/(-6))/((-1)/(-39)). Let h = -31 + n. Let b = h - 23. What are the prime factors of b?
11
Let c = -55 - -83. List the prime factors of c.
2, 7
Let y(x) = -6*x**2 - 60 - x + x**3 + x + 62. Suppose -38 = -5*h - 4*d, h + 0 + 2 = 4*d. What are the prime factors of y(h)?
2
Let i(z) = z**3 + 5*z**2 - 9*z - 3. Let u be i(-6). Suppose b + 0*f - f - u = 0, 3*f - 51 = -5*b. What are the prime factors of b?
2, 3
Let x be -2*((-15)/(-6) - 1). Let c be (3/x + 2)*-1. List the prime factors of (-1 - c) + 0 - -2.
2
List the prime factors of (1 - (-12)/(-8))*-2 + 28.
29
Let d = -6 - -9. Suppose d*p + 5*z - 29 = 0, 4*p = 3*p + 4*z - 13. Suppose -3*t - p*j = 0, 12 = -5*j + 2. What are the prime factors of t?
2
Let o(x) = x**3 + 3*x**2 + x - 2. Let v be o(-3). Let c be ((-1)/3)/(2/(-12)). List the prime factors of (1/1 - c)*v.
5
Let n(j) = -36*j + 7. Let m(i) = -18*i + 4. Let r(l) = 7*m(l) - 4*n(l). Let o(v) = v - 6. Let g be o(7). What are the prime factors of r(g)?
2, 3
What are the prime factors of (-51)/34*(-344)/6?
2, 43
Suppose -5*t + 2*t = 0. Suppose 0 = 3*w - t*w. Suppose 0 = -w*x + x - 8. What are the prime factors of x?
2
Let y be (-900)/(-35)*(-14)/(-3). Suppose 0 = 5*n - 0*n - y. What are the prime factors of n?
2, 3
Suppose 21*p = 18*p + 219. What are the prime factors of p?
73
Suppose 5*y = 258 + 22. What are the prime factors of y?
2, 7
Let g(z) = z**2 + z - 1. Let s be g(-6